{"id":23,"date":"2020-02-18T14:35:22","date_gmt":"2020-02-18T14:35:22","guid":{"rendered":"http:\/\/educationrobotics.ch\/?page_id=23"},"modified":"2020-02-18T15:29:17","modified_gmt":"2020-02-18T15:29:17","slug":"vision","status":"publish","type":"page","link":"https:\/\/educationrobotics.ch\/?page_id=23","title":{"rendered":"Vision"},"content":{"rendered":"\n<p>Education Robotics hat sich zum Ziel gesetzt, die Informatik f\u00fcr Sch\u00fclerinnen und Sch\u00fcler sowie f\u00fcr ihre Lehrpersonen zug\u00e4nglicher zu machen. Das neue Fach Medien und Informatik bietet eine gute Grundlage, den Sch\u00fclerinnen und Sch\u00fclern interessantes Wissen und n\u00fctzliche F\u00e4higkeiten beizubringen, sofern die Zeit entsprechend eingesetzt wird. Wir wollen Schulen unterst\u00fctzen, damit die Lektionen sinnvoll genutzt werden k\u00f6nnen, und die Sch\u00fclerinnen und Sch\u00fcler maximal davon profitieren. Fertigkeiten sollen erarbeitet und das Interesse an der Technik geweckt werden, damit pers\u00f6nliche Kompetenzen den Alltag erleichtern und MINT-Berufe an Attraktivit\u00e4t zunehmen.<\/p>\n","protected":false},"excerpt":{"rendered":"<p>Education Robotics hat sich zum Ziel gesetzt, die Informatik f\u00fcr Sch\u00fclerinnen und Sch\u00fcler sowie f\u00fcr ihre Lehrpersonen zug\u00e4nglicher zu machen. Das neue Fach Medien und Informatik bietet eine gute Grundlage, den Sch\u00fclerinnen und Sch\u00fclern interessantes Wissen und n\u00fctzliche F\u00e4higkeiten beizubringen, sofern die Zeit entsprechend eingesetzt wird. Wir wollen Schulen unterst\u00fctzen, damit die Lektionen sinnvoll genutzt [&hellip;]<\/p>\n","protected":false},"author":1,"featured_media":0,"parent":0,"menu_order":0,"comment_status":"closed","ping_status":"closed","template":"","meta":{"footnotes":""},"class_list":["post-23","page","type-page","status-publish","hentry"],"_links":{"self":[{"href":"https:\/\/educationrobotics.ch\/index.php?rest_route=\/wp\/v2\/pages\/23","targetHints":{"allow":["GET"]}}],"collection":[{"href":"https:\/\/educationrobotics.ch\/index.php?rest_route=\/wp\/v2\/pages"}],"about":[{"href":"https:\/\/educationrobotics.ch\/index.php?rest_route=\/wp\/v2\/types\/page"}],"author":[{"embeddable":true,"href":"https:\/\/educationrobotics.ch\/index.php?rest_route=\/wp\/v2\/users\/1"}],"replies":[{"embeddable":true,"href":"https:\/\/educationrobotics.ch\/index.php?rest_route=%2Fwp%2Fv2%2Fcomments&post=23"}],"version-history":[{"count":2,"href":"https:\/\/educationrobotics.ch\/index.php?rest_route=\/wp\/v2\/pages\/23\/revisions"}],"predecessor-version":[{"id":53,"href":"https:\/\/educationrobotics.ch\/index.php?rest_route=\/wp\/v2\/pages\/23\/revisions\/53"}],"wp:attachment":[{"href":"https:\/\/educationrobotics.ch\/index.php?rest_route=%2Fwp%2Fv2%2Fmedia&parent=23"}],"curies":[{"name":"wp","href":"https:\/\/api.w.org\/{rel}","templated":true}]}}